{"id":10,"date":"2021-11-24T12:32:27","date_gmt":"2021-11-24T12:32:27","guid":{"rendered":"https:\/\/wasatours.fi\/?page_id=10"},"modified":"2022-01-10T13:59:28","modified_gmt":"2022-01-10T13:59:28","slug":"create-your-website-with-blocks","status":"publish","type":"page","link":"https:\/\/wasatours.fi\/","title":{"rendered":"Untitled"},"content":{"rendered":"\n<div class=\"wp-block-group\"><div class=\"wp-block-group__inner-container is-layout-flow wp-block-group-is-layout-flow\">\n<div class=\"wp-block-buttons alignfull is-content-justification-center is-layout-flex wp-block-buttons-is-layout-flex\">\n<div class=\"wp-block-button is-style-outline is-style-outline--1\"><a class=\"wp-block-button__link\">LENTO-, LAIVA- JA JUNALIPUT<br>FLYG-, B\u00c5T OCH T\u00c5GBILJETTER<\/a><\/div>\n\n\n\n<div class=\"wp-block-button is-style-outline is-style-outline--2\"><a class=\"wp-block-button__link\">HOTELLIVARAUKSET<br>HOTELLBOKNINGAR<\/a><\/div>\n\n\n\n<div class=\"wp-block-button is-style-outline is-style-outline--3\"><a class=\"wp-block-button__link\">VUOKRA-AUTOT<br>HYRBILAR<\/a><\/div>\n\n\n\n<div class=\"wp-block-button is-style-outline is-style-outline--4\"><a class=\"wp-block-button__link\">VIISUMIT<br>VISUM<\/a><\/div>\n\n\n\n<div class=\"wp-block-button is-style-outline is-style-outline--5\"><a class=\"wp-block-button__link\">RYHM\u00c4MATKAT<br>GRUPPRESOR<\/a><\/div>\n\n\n\n<div class=\"wp-block-button is-style-outline is-style-outline--6\"><a class=\"wp-block-button__link\">LIIKEMATKAT<br>F\u00d6RETAGRESOR<\/a><\/div>\n<\/div>\n<\/div><\/div>\n\n\n\n<div style=\"height:100px\" aria-hidden=\"true\" class=\"wp-block-spacer\"><\/div>\n\n\n\n<div class=\"wp-block-columns alignwide are-vertically-aligned-center is-style-twentytwentyone-columns-overlap is-layout-flex wp-container-core-columns-is-layout-9d6595d7 wp-block-columns-is-layout-flex\">\n<div class=\"wp-block-column is-vertically-aligned-center is-layout-flow wp-block-column-is-layout-flow\">\n<figure class=\"wp-block-image alignfull size-large is-style-twentytwentyone-image-frame\"><img loading=\"lazy\" decoding=\"async\" width=\"1024\" height=\"684\" src=\"https:\/\/wasatours.fi\/wp-content\/uploads\/2021\/11\/DSC1907-ret-1024x684.jpg\" alt=\"\" class=\"wp-image-30\" srcset=\"https:\/\/wasatours.fi\/wp-content\/uploads\/2021\/11\/DSC1907-ret-1024x684.jpg 1024w, https:\/\/wasatours.fi\/wp-content\/uploads\/2021\/11\/DSC1907-ret-300x200.jpg 300w, https:\/\/wasatours.fi\/wp-content\/uploads\/2021\/11\/DSC1907-ret-768x513.jpg 768w, https:\/\/wasatours.fi\/wp-content\/uploads\/2021\/11\/DSC1907-ret-1536x1026.jpg 1536w, https:\/\/wasatours.fi\/wp-content\/uploads\/2021\/11\/DSC1907-ret-2048x1367.jpg 2048w, https:\/\/wasatours.fi\/wp-content\/uploads\/2021\/11\/DSC1907-ret-1568x1047.jpg 1568w\" sizes=\"auto, (max-width: 1024px) 100vw, 1024px\" \/><\/figure>\n\n\n\n<div style=\"height:100px\" aria-hidden=\"true\" class=\"wp-block-spacer\"><\/div>\n\n\n\n<figure class=\"wp-block-image alignfull size-large is-style-twentytwentyone-image-frame\"><img loading=\"lazy\" decoding=\"async\" width=\"1024\" height=\"683\" src=\"https:\/\/wasatours.fi\/wp-content\/uploads\/2021\/11\/Business-Lounge-Aurora-Botnia-1030x687-1-1024x683.jpg\" alt=\"\" class=\"wp-image-35\" srcset=\"https:\/\/wasatours.fi\/wp-content\/uploads\/2021\/11\/Business-Lounge-Aurora-Botnia-1030x687-1-1024x683.jpg 1024w, https:\/\/wasatours.fi\/wp-content\/uploads\/2021\/11\/Business-Lounge-Aurora-Botnia-1030x687-1-300x200.jpg 300w, https:\/\/wasatours.fi\/wp-content\/uploads\/2021\/11\/Business-Lounge-Aurora-Botnia-1030x687-1-768x512.jpg 768w, https:\/\/wasatours.fi\/wp-content\/uploads\/2021\/11\/Business-Lounge-Aurora-Botnia-1030x687-1.jpg 1030w\" sizes=\"auto, (max-width: 1024px) 100vw, 1024px\" \/><\/figure>\n<\/div>\n\n\n\n<div class=\"wp-block-column is-vertically-aligned-center is-layout-flow wp-block-column-is-layout-flow\">\n<div style=\"height:100px\" aria-hidden=\"true\" class=\"wp-block-spacer\"><\/div>\n\n\n\n<figure class=\"wp-block-image size-full alignfull is-style-twentytwentyone-image-frame\"><img loading=\"lazy\" decoding=\"async\" width=\"640\" height=\"431\" src=\"https:\/\/wasatours.fi\/wp-content\/uploads\/2022\/01\/Maailmankartta-2.jpg\" alt=\"\" class=\"wp-image-85\" srcset=\"https:\/\/wasatours.fi\/wp-content\/uploads\/2022\/01\/Maailmankartta-2.jpg 640w, https:\/\/wasatours.fi\/wp-content\/uploads\/2022\/01\/Maailmankartta-2-300x202.jpg 300w\" sizes=\"auto, (max-width: 640px) 100vw, 640px\" \/><\/figure>\n\n\n\n<p><\/p>\n<\/div>\n<\/div>\n\n\n\n<div style=\"height:50px\" aria-hidden=\"true\" class=\"wp-block-spacer\"><\/div>\n\n\n\n<div class=\"wp-block-columns alignwide are-vertically-aligned-top is-layout-flex wp-container-core-columns-is-layout-9d6595d7 wp-block-columns-is-layout-flex\">\n<div class=\"wp-block-column is-vertically-aligned-top is-layout-flow wp-block-column-is-layout-flow\">\n<h3 class=\"wp-block-heading\">Sinun matkatoimistosi<\/h3>\n\n\n\n<p><strong>Wasa Tours<\/strong>&nbsp;(Vaasa Business Travel Oy Ab) on suomalainen matkatoimisto, perustettu 1986. Oravaisten Liikenne Oy omistaa Wasa Toursin joulukuusta 2019 l\u00e4htien.&nbsp;<br>Liikematkat ovat erikoisalaamme.<\/p>\n<\/div>\n\n\n\n<div class=\"wp-block-column is-vertically-aligned-top is-layout-flow wp-block-column-is-layout-flow\">\n<h3 class=\"wp-block-heading\">Din resebyr\u00e5<\/h3>\n\n\n\n<p><strong>Wasa Tours<\/strong>&nbsp;\u00e4r en finl\u00e4ndsk resebyr\u00e5, grundad \u00e5r 1986. Oravais Trafik Ab \u00e4ger Wasa Tours sedan december 2019.<br>Vi \u00e4r specialister p\u00e5 aff\u00e4rsresor.<\/p>\n<\/div>\n\n\n\n<div class=\"wp-block-column is-vertically-aligned-top is-layout-flow wp-block-column-is-layout-flow\">\n<h3 class=\"wp-block-heading\">Your Travel Agency<\/h3>\n\n\n\n<p><strong>Wasa Tours<\/strong> is a Finnish Travel Agency founded in 1986. Oravais Trafik Ab owns Wasa Tours since December 2019. <br>Specialist on business trips.<\/p>\n<\/div>\n<\/div>\n\n\n\n<div style=\"height:100px\" aria-hidden=\"true\" class=\"wp-block-spacer\"><\/div>\n","protected":false},"excerpt":{"rendered":"<p>Sinun matkatoimistosi Wasa Tours&nbsp;(Vaasa Business Travel Oy Ab) on suomalainen matkatoimisto, perustettu 1986. Oravaisten Liikenne Oy omistaa Wasa Toursin joulukuusta 2019 l\u00e4htien.&nbsp;Liikematkat ovat erikoisalaamme. Din resebyr\u00e5 Wasa Tours&nbsp;\u00e4r en finl\u00e4ndsk resebyr\u00e5, grundad \u00e5r 1986. Oravais Trafik Ab \u00e4ger Wasa Tours sedan december 2019.Vi \u00e4r specialister p\u00e5 aff\u00e4rsresor. Your Travel Agency Wasa Tours is a Finnish&hellip; <a class=\"more-link\" href=\"https:\/\/wasatours.fi\/\">Continue reading <span class=\"screen-reader-text\">Untitled<\/span><\/a><\/p>\n","protected":false},"author":1,"featured_media":0,"parent":0,"menu_order":0,"comment_status":"closed","ping_status":"closed","template":"","meta":{"footnotes":""},"class_list":["post-10","page","type-page","status-publish","hentry","entry"],"_links":{"self":[{"href":"https:\/\/wasatours.fi\/index.php\/wp-json\/wp\/v2\/pages\/10","targetHints":{"allow":["GET"]}}],"collection":[{"href":"https:\/\/wasatours.fi\/index.php\/wp-json\/wp\/v2\/pages"}],"about":[{"href":"https:\/\/wasatours.fi\/index.php\/wp-json\/wp\/v2\/types\/page"}],"author":[{"embeddable":true,"href":"https:\/\/wasatours.fi\/index.php\/wp-json\/wp\/v2\/users\/1"}],"replies":[{"embeddable":true,"href":"https:\/\/wasatours.fi\/index.php\/wp-json\/wp\/v2\/comments?post=10"}],"version-history":[{"count":13,"href":"https:\/\/wasatours.fi\/index.php\/wp-json\/wp\/v2\/pages\/10\/revisions"}],"predecessor-version":[{"id":86,"href":"https:\/\/wasatours.fi\/index.php\/wp-json\/wp\/v2\/pages\/10\/revisions\/86"}],"wp:attachment":[{"href":"https:\/\/wasatours.fi\/index.php\/wp-json\/wp\/v2\/media?parent=10"}],"curies":[{"name":"wp","href":"https:\/\/api.w.org\/{rel}","templated":true}]}}